9111 prime?
False
Is 45344557 prime?
False
Is 2257778 composite?
True
Is 7403317 composite?
False
Is 930817 prime?
True
Is 76059899 composite?
False
Is 120875935 a prime number?
False
Is 132349645 composite?
True
Is 935419 a composite number?
True
Is 56546647 prime?
True
Is 4143803 prime?
True
Is 14095001 composite?
True
Is 26813135 a composite number?
True
Is 50603 composite?
True
Is 560058791 prime?
False
Is 61422359 a prime number?
False
Is 276298238 composite?
True
Is 279269 composite?
False
Is 193151869 a composite number?
False
Is 2947939 a prime number?
True
Is 104095867 a composite number?
True
Is 3774959 prime?
False
Is 6443 prime?
False
Is 76315433 a prime number?
True
Is 7515461 prime?
True
Is 13607257 a composite number?
True
Is 3102559 a prime number?
False
Is 1388281 a composite number?
True
Is 792821 prime?
True
Is 1046113 a prime number?
True
Is 52179577 prime?
True
Is 3700717 prime?
True
Is 5509923 a prime number?
False
Is 21244583 a prime number?
True
Is 509798677 a composite number?
False
Is 81026443 composite?
False
Is 80761493 prime?
True
Is 12401429 a prime number?
True
Is 52949 a prime number?
False
Is 522363 a prime number?
False
Is 1023790499 composite?
False
Is 875973731 composite?
False
Is 160926961 a prime number?
False
Is 21935335 a prime number?
False
Is 127907017 a composite number?
True
Is 322681 prime?
False
Is 126105511 prime?
False
Is 82192631 prime?
True
Is 932893 a prime number?
False
Is 750199 a prime number?
False
Is 1377619 composite?
True
Is 9130519 a prime number?
True
Is 3309049 composite?
True
Is 20308723 a composite number?
False
Is 280556561 a prime number?
True
Is 8179447 a composite number?
False
Is 466907 composite?
True
Is 17095831 prime?
False
Is 3962587 a prime number?
True
Is 769801 a composite number?
True
Is 88840327 prime?
False
Is 22803761 a prime number?
True
Is 289550893 prime?
True
Is 639083 prime?
True
Is 7779509 a composite number?
True
Is 40557633 a composite number?
True
Is 1450079 a composite number?
True
Is 16484981 a prime number?
False
Is 159969 prime?
False
Is 908238621 a prime number?
False
Is 53368979 prime?
True
Is 185231383 a composite number?
False
Is 2866033 prime?
True
Is 33086411 composite?
True
Is 7461221 composite?
True
Is 39419161 a composite number?
False
Is 700615987 a prime number?
True
Is 352543 a prime number?
True
Is 7935769 composite?
True
Is 2245843 a composite number?
True
Is 185829887 prime?
False
Is 450199 composite?
False
Is 4411315 a composite number?
True
Is 526451 a prime number?
False
Is 2480411 prime?
True
Is 73382401 a prime number?
False
Is 108140693 a composite number?
False
Is 3490087 prime?
False
Is 9876271 prime?
True
Is 8699165 a prime number?
False
Is 35887301 a prime number?
True
Is 24233117 a composite number?
False
Is 856213 a composite number?
False
Is 9239987 a prime number?
True
Is 6891609 a composite number?
True
Is 61126719 prime?
False
Is 1223857 composite?
False
Is 362089835 composite?
True
Is 16636079 a prime number?
False
Is 5678507 a prime number?
True
Is 27022267 a prime number?
True
Is 34006661 a composite number?
True
Is 310314491 prime?
True
Is 62640077 prime?
True
Is 2778049 prime?
True
Is 4650187 prime?
True
Is 40875281 a composite number?
False
Is 21566953 a prime number?
True
Is 92407681 composite?
False
Is 653393 prime?
False
Is 224656787 composite?
False
Is 11947471 prime?
True
Is 897017 composite?
True
Is 96241697 composite?
True
Is 17295853 prime?
False
Is 18045127 a prime number?
False
Is 642331 composite?
True
Is 25945643 prime?
True
Is 20073047 a composite number?
True
Is 6361319 a composite number?
True
Is 606011 a prime number?
False
Is 271136143 composite?
False
Is 4604279 prime?
False
Is 76367 prime?
True
Is 2558183 a prime number?
False
Is 104144321 a composite number?
False
Is 483017 a composite number?
False
Is 189358033 a prime number?
True
Is 21406643 composite?
False
Is 114625691 prime?
True
Is 228081657 a composite number?
True
Is 2657227115 composite?
True
Is 968291 composite?
False
Is 22584697 prime?
False
Is 6933253 prime?
True
Is 160045499 a prime number?
False
Is 5614421 prime?
True
Is 418163 prime?
False
Is 7996717 prime?
False
Is 850817 a composite number?
True
Is 10770503 prime?
False
Is 806233949 a composite number?
False
Is 7873009 a prime number?
True
Is 58325023 composite?
False
Is 758073 a composite number?
True
Is 10451089 prime?
False
Is 5011759 a prime number?
True
Is 43942999 a composite number?
True
Is 365411 a composite number?
False
Is 1735871 prime?
True
Is 23146393 a prime number?
True
Is 140408647 a composite number?
True
Is 64191487 prime?
False
Is 290582459 a composite number?
False
Is 88880601 a prime number?
False
Is 943093379 prime?
True
Is 15198067 composite?
False
Is 27023431 a composite number?
True
Is 2885973 a prime number?
False
Is 4664561795 a composite number?
True
Is 159626801 composite?
True
Is 24571418 a composite number?
True
Is 3041651 a prime number?
True
Is 16600139 a prime number?
True
Is 920467 a prime number?
True
Is 77829221 prime?
True
Is 8061371 composite?
False
Is 29608447 a prime number?
False
Is 782393141 composite?
False
Is 9262531 prime?
False
Is 2699471 composite?
False
Is 8843713 prime?
True
Is 1189093 prime?
True
Is 5339987 prime?
True
Is 233513 composite?
True
Is 2192651 prime?
True
Is 33386063 prime?
True
Is 111726577 composite?
True
Is 216998689 a composite number?
False
Is 23699701 a prime number?
True
Is 1499041 prime?
True
Is 934363597 a composite number?
True
Is 13291613 composite?
False
Is 163435 a prime number?
False
Is 819233 a prime number?
False
Is 4902829 a prime number?
True
Is 1150717 a prime number?
True
Is 71335337 prime?
True
Is 110488589 a composite number?
False
Is 39073183 a prime number?
True
Is 16846267 a prime number?
True
Is 25509427 a prime number?
False
Is 4290569 a composite number?
True
Is 309779 a composite number?
False
Is 317143 a composite number?
True
Is 2141033 a prime number?
True
Is 436471153 a composite number?
False
Is 634187 prime?
True
Is 8184179 a prime number?
True
Is 1038804887 a composite number?
False
Is 796430953 a prime number?
False
Is 83741939 prime?
True
Is 43117121 composite?
False
Is 9066841 a prime number?
False
Is 3693161 composite?
False
Is 9718627 prime?
False
Is 1309009 prime?
False
Is 1322357 a composite number?
False
Is 77468129 prime?
True
Is 32425427 a prime number?
False
Is 8763067 prime?
True
Is 37470365 a prime number?
False
Is 2605381 composite?
True
Is 233142639 a prime number?
False
Is 2371937 a prime number?
True
Is 5984257 a prime number?
True
Is 15957223 a prime number?
True
Is 218596195 prime?
False
Is 69331343 composite?
True
Is 83455993 a prime number?
True
Is 5054017 composite?
False
Is 97296047 prime?
False
Is 11120113 prime?
False
Is 13834291 a composite number?
True
Is 113929997 a prime number?
True
Is 1640237 prime?
False
Is 2960129 a prime number?
True
Is 356479363 composite?
True
Is 1591207 a prime number?
True
Is 387887 a prime number?
False
Is 1486358867 a prime number?
False
Is 71791243 a composite number?
False
Is 5450239 prime?
True
Is 7790581 prime?
True
Is 6124109 a composite number?
False
Is 3372911 a composite number?
False
Is 141544097 a prime number?
True
Is 42670027 composite?
False
Is 20462417 a prime number?
True
Is 92311613 composite?
False
Is 7937939 a prime number?
True
Is 870071 composite?
True
Is 12162959 prime?
True
Is 10694861 a composite number?
False
Is 1336453 composite?
False
Is 38944666 a composite number?
True
Is 4627243 a composite number?
False
Is 322275673 a composite number?
False
Is 9990923 a composite number?
True
Is 35992049 a prime number?
True
Is 6784373 a prime number?
True
Is 151936861 composite?
False
Is 97465831 a prime number?
True
Is 4391221 a composite number?
False
Is 5954981 a composite number?
True
Is 14227439 a composite number?
False
Is 1214877245 a prime number?
False
Is 25974347 prime?
False
Is 84152769 a composite number?
True
Is 81172969 a composite number?
False
Is 16630303 a composite number?
False
Is 2581807 prime?
False
Is 11050859 prime?
True
Is 5633201 composite?
True
Is 6416929 a prime number?
False
Is 333228262 a prime number?
False
Is 458378 a prime number?
False
Is 13655263 a prime number?
True
Is 467